Let o(j) = -21*j + 0 + 7*j + 4 - 3. Let h be o(-1). What is the greatest common divisor of h and 10?
5
Suppose -u - 4 = -5*u. Let r be (2 - u) + -2 - -12. Let p(q) = -3*q - 7. Let m be p(-6). What is the greatest common divisor of r and m?
11
Let a = 2 + 0. Suppose -2*k = a*k. Let m be (k - -1)/((-1)/(-2)). What is the highest common factor of m and 8?
2
Suppose -111 = -2*b + 33. What is the greatest common divisor of b and 8?
8
Let l be (2 - -38)/((-5)/(-10)). Let s(u) = 2*u**2 + u. Let k be s(2). What is the greatest common divisor of l and k?
10
Let n = 35 + -10. Calculate the greatest common factor of 5 and n.
5
Let k be (-24)/(-16) - 3/(-6). Calculate the highest common divisor of 2 and k.
2
Let d(z) = z**3 - 27*z**2 + 29*z + 42. Let s be d(26). Suppose 2*h - 43 - 5 = 0. What is the highest common factor of s and h?
24
Suppose -9*b = -4 - 50. Suppose -5*r = -239 - 1. Calculate the highest common divisor of b and r.
6
Let b = 106 - 50. What is the highest common divisor of b and 140?
28
Suppose -2*z - 2*z + 103 = 3*l, z - 13 = -5*l. Suppose 12 + z = 4*t. What is the highest common factor of 10 and t?
10
Suppose 6 - 26 = 5*a. Let b be (-670)/a - (-2)/4. What is the greatest common divisor of 21 and b?
21
Suppose 9*i + 11 = 2*k + 4*i, 3*k - 10 = i. Suppose 5*s = 2*t + 122, -k*t - 28 - 47 = -3*s. Calculate the highest common divisor of s and 16.
8
Suppose l - 33 = 3. Calculate the highest common factor of 24 and l.
12
Suppose -2*z - z + 5*l = -71, 3*z + 4*l = 89. Suppose -3*r = 2*r - 15. Calculate the greatest common divisor of z and r.
3
Suppose 0 = 2*r + r + 105. Let v be r/((-1 - 0)*1). Calculate the highest common divisor of 14 and v.
7
Let l be 3 - -1*-1*6. Let m be 3/(0 + l) - -100. What is the greatest common divisor of m and 11?
11
Suppose -6*t - 2*r = -t - 278, -5*t + 5*r = -285. Let n be 1/1*(8 - 1). Calculate the highest common factor of t and n.
7
Let h be 2/5 - (-23)/5. Suppose -m - 292 = -3*r, 4*r - 3*m - 463 = -82. Suppose r = 2*k - 11. Calculate the highest common factor of h and k.
5
Let z be 4 + 0 + 37 + -3. What is the highest common divisor of z and 418?
38
Let q(c) = c**2 - 13*c + 11. Let j be q(12). Let u be 0 + j*(-2)/1. Suppose 2*f + u*i - 10 + 2 = 0, 2*i + 2 = 0. What is the greatest common factor of 1 and f?
1
Let a(q) = q**2 + 7*q + 10. Let l be a(-7). Calculate the highest common divisor of l and 10.
10
Suppose 0 = -2*y - 4*n + n + 23, 0 = -4*y + 4*n + 16. Let j be 35*(3 - (-3 - -5)). Calculate the greatest common divisor of y and j.
7
Let y = 13 + -6. Calculate the highest common divisor of 77 and y.
7
Let i(a) = 4*a**3 - a**2 - a. Let c be i(2). Let o = -3 - -7. Suppose -2*m + 3*b - c = -65, 5*m - 80 = o*b. Calculate the greatest common factor of m and 132.
12
Suppose -a + 27 + 3 = 0. Suppose -2*t = -f + 5*f - 2, 0 = -2*f - 5*t - 11. Let p be (15*-2)/((-3)/f). Calculate the highest common divisor of a and p.
10
Suppose 5 = 5*p - 5. Suppose -p*w = w - 168. What is the highest common factor of w and 14?
14
Let k = -23 - -16. Let a = k - -15. Calculate the highest common divisor of a and 40.
8
Let m = 73 + -72. Suppose -4*u + 1 = -19. Let d(y) = y**3 - 5*y**2 + 3*y - 6. Let o be d(u). What is the highest common divisor of m and o?
1
Let g = 51 - 30. Calculate the greatest common divisor of 35 and g.
7
Let u(g) be the first derivative of g**4/4 + 2*g**3 - 5*g**2 - g + 2. Let b be u(-7). What is the highest common factor of 100 and b?
20
Suppose 26 = 4*g - 3*g. Calculate the highest common factor of 130 and g.
26
Suppose -4*j + j - m = -41, 0 = -4*j - 5*m + 73. What is the greatest common divisor of j and 36?
12
Let d = -40 + 51. Let s = -93 + 155. Let r = s + -40. Calculate the highest common divisor of r and d.
11
Let p be (-2)/(-7) - 72/(-42). Let f(j) = 1 + 1 + 3*j - 4 - p. Let d be f(13). What is the highest common divisor of 14 and d?
7
Let f = -7 + 19. Suppose v = 3*v - 12. What is the greatest common factor of v and f?
6
Let f(t) = 2*t**2 - 57*t + 48. Let m be f(32). What is the greatest common factor of m and 34?
34
Suppose -k = 4*k - 135. What is the greatest common factor of 81 and k?
27
Let i = 21 + -3. Suppose -5*z - t + 5 + 8 = 0, 0 = 5*z - 5*t + 5. What is the highest common factor of i and z?
2
Let l = 525 - 330. Suppose -5*t - l = -5*i, 0 = -3*i - 0*i + 2*t + 122. Calculate the highest common factor of i and 110.
22
Let y(c) = 20*c + 1. Let h be y(2). Calculate the highest common factor of 82 and h.
41
Let f = -8 + 14. Suppose 0 = g - 20 + f. Let m(o) = 10*o + 2. Let i be m(4). Calculate the greatest common factor of g and i.
14
Suppose -5*q = -29 - 41. Calculate the highest common factor of 154 and q.
14
Let r be 6/4*(-20)/(-6). Suppose 0 = -y - 2*f - 0*f - 5, -4*y - 3*f = 5. What is the highest common factor of r and y?
1
Suppose 0*h = -3*h. Suppose -3*f - 5*r - 672 = -0*f, h = -5*f + 5*r - 1080. Let u = -121 - f. Calculate the greatest common factor of 14 and u.
14
Suppose 2*o = 149 + 193. Calculate the highest common factor of 19 and o.
19
Suppose p - 10 = -p. Suppose -o = -p*o + 44. Calculate the greatest common factor of 44 and o.
11
Suppose l - 8 = 5*a, -4*a = 2*l - 0*l - 30. Let d(j) = -2*j**3 - 6*j**2 - 4*j - 3. Let b be d(-5). What is the highest common divisor of l and b?
13
Suppose -2*k + 80 = -p - 118, -5*k + 4*p + 495 = 0. Suppose 0 = 2*f + 3*f - 45. Calculate the greatest common factor of k and f.
9
Suppose 0 = 5*u + 9 - 59. Calculate the greatest common factor of 2 and u.
2
Let x = -4 + -5. Let h(i) = i**3 + 9*i**2 - 4*i - 8. Let y be h(x). What is the greatest common divisor of 70 and y?
14
Suppose 12 = t + 3*t. Let v be (-1 + 7)*t/(-6). Let i be (-3)/(-2)*(-40)/v. Calculate the highest common factor of i and 20.
20
Suppose 0 = 5*z - 3*l - 889, -2*l = 5*z - 829 - 45. Calculate the greatest common factor of z and 16.
16
Let g(b) = b**3 - 9*b**2 + 11*b - 12. Let z be g(8). Let i = z + -7. Calculate the highest common factor of i and 5.
5
Let m be ((-1)/(-1) + 25)/2. Let p be (-5)/((-20)/234)*2. Suppose 2*z - z - p = 0. What is the greatest common factor of z and m?
13
Suppose 505 + 265 = 5*q. What is the greatest common factor of 14 and q?
14
Let r(g) = 8*g**3 + g**2. Let h be r(1). Let i = -7 + h. Calculate the highest common divisor of i and 8.
2
Let a = 8 - 5. Suppose -68 = 5*p - 4*v, a*p = p - v - 35. Let b = p - -24. What is the greatest common divisor of 72 and b?
8
Suppose -3*f + 45 = -0*f. Let u = 92 + -47. What is the highest common divisor of u and f?
15
Let o = -25 + 33. Calculate the highest common divisor of o and 32.
8
Suppose -2*h = 3*d - 18, 4*d + 22 = -h + 6*h. Suppose -17 - h = -3*i + 4*c, -19 = -3*i + 2*c. Calculate the highest common divisor of i and 5.
5
Suppose -7*x = -15*x + 144. Suppose -3*i + 2*j + 18 = 0, 3*j - 2*j = 0. Calculate the greatest common factor of x and i.
6
Let j = -21 - -31. Let l be (-6)/10 - 12/5. Let m be (-2 - -3) + l + 4. Calculate the highest common divisor of j and m.
2
Let v = 196 - 114. Calculate the highest common factor of v and 41.
41
Suppose -3*c = 4*n - 41, 0*n = 3*c - 3*n - 48. Let v = c + -12. What is the highest common factor of v and 24?
3
Let i = -22 + 13. Let r(o) = -2*o - 6. Let p be r(i). Let d(b) = -b**3 + 9*b**2 - 4. Let l be d(5). Calculate the highest common factor of p and l.
12
Suppose 0 = -5*f + 3*f. Suppose f = o - 10 + 3. Let a be (-4)/(-6) + (-61)/(-3). What is the greatest common divisor of o and a?
7
Let r(s) = -18*s - 2. Let p(z) = 2*z - 5*z - z**3 - 4*z - 10*z**2 + 13. Let t be p(-9). Let f be r(t). Calculate the greatest common factor of f and 8.
8
Suppose -3*p = -0*b + b - 14, 5*p = 3*b. Suppose p*d = 98 + 73. What is the greatest common divisor of d and 19?
19
Let q be 8/52 - 50/(-13). Let s = q + 1. What is the greatest common divisor of s and 30?
5
Suppose 0 = -8*n + 4*n - 16. Let l = n - -3. Let o(m) = 17*m**2 - m. Let w be o(l). What is the greatest common factor of w and 108?
18
Let q be -6*((-10)/3 + 3). Calculate the highest common factor of q and 3.
1
Let i(y) = 10*y**2 + 4*y + 10. Let t be i(-3). Calculate the highest common divisor of t and 8.
8
Suppose 10*c = 5*c. Suppose 3*f - 70 = -4*w - 16, 2*w + 4*f - 32 = c. What is the greatest common factor of 8 and w?
4
Suppose 0 = -0*o + 3*o, 0 = 4*d 